 -17. Let z = 13 - s. What is the units digit of z?
6
Let l(i) = 16*i**2 - 1. Let n be l(-1). Suppose t - 51 = n. Suppose -3*d - d = 3*h - 74, -h = -4*d + t. What is the tens digit of d?
1
Suppose i = -i - 32. Let d = 30 - i. Suppose 3*p + d = 4*p. What is the tens digit of p?
4
Suppose -3*d - 53 = -2*n + 66, -2*n + 2*d + 118 = 0. Suppose 7*v - n = 334. What is the units digit of v?
6
Let a(i) = -i**3 - i**2 + i + 168. Suppose -9 = 4*b + 3*c, -2*b - 2*c - 7 = -1. Let h be a(b). What is the units digit of h/18*(-18)/(-7)?
4
Let i = -463 + 1414. What is the tens digit of i?
5
What is the units digit of (-1271)/(-9) - 4/18?
1
Let s be (4 + (4 - 4))/1. Let d(a) = a**2 - 5*a + 6. Let b be d(s). Suppose 8 = -4*j, -h + b*j - 4*j + 21 = 0. What is the units digit of h?
5
Let s = 6991 - 4053. What is the tens digit of s?
3
Suppose 20 = -4*k, -3*l + k + 189 = -113. Suppose -95*z - 1008 = -l*z. What is the tens digit of z?
5
Let i(p) = 15*p**3 - 2*p**2 + p - 2. Let u be i(2). Let n = u + -79. Suppose 0 = 2*q - 33 - n. What is the tens digit of q?
3
Let l be ((-10)/30)/((-2)/54). Suppose -g + 1500 = l*g. What is the units digit of g?
0
Suppose -d + 2*d - m = -1, 2*d - 4*m = -4. Let o(r) = r + 19. What is the units digit of o(d)?
9
Let g(q) = -q**2 + q + 1. Let a be g(-2). Suppose 2*x = -5*y - 0*y + 193, -x = -y + 33. Let s = a + y. What is the units digit of s?
2
Let t = 125 + -130. Let a(c) = c**3 - 3 + 4*c**2 + 1 + 7 - 5*c. What is the units digit of a(t)?
5
Suppose -2*b + 3*r + 247 = 45, -4*r - 491 = -5*b. Let x = b + -62. What is the units digit of x?
3
Suppose -6*m + 2*m = -28. Suppose 9*w - m*w = 4. Suppose -3 - 49 = -w*o. What is the tens digit of o?
2
Suppose 0 = -2*a + n - 4*n + 509, 3*a - 4*n - 789 = 0. What is the tens digit of a?
5
Suppose 5775 = 14*y + y. What is the units digit of y?
5
Suppose 2325 = 5*p + 4*c, 12*p - 16*p + 1860 = 4*c. What is the hundreds digit of p?
4
Let g(t) = 11*t + 1. Let x be g(2). Let q be (-2)/(-2)*-1 + 8. Suppose 0 = -n + x + q. What is the tens digit of n?
3
Let k be (55 + 2)*9/(-9). Let i = k + 89. What is the units digit of i?
2
Let l be 3042/153 - 2/(-17). Let y be 6 + 0 + l/(-10). Let p = 64 - y. What is the tens digit of p?
6
Let t(v) = 3*v**2 - 11*v + 20. What is the tens digit of t(-9)?
6
Let q = 149 + 21. Let v = 275 - q. What is the tens digit of v?
0
Suppose -4*q = -9 + 1. Suppose 0*f + 2*f + 1 = s, 3 = -q*f + 3*s. Suppose f*g - 3*g = -36. What is the tens digit of g?
1
Suppose o - 5*k - 154 = -3*k, -788 = -5*o + k. Let g = 238 - o. What is the units digit of g?
0
Suppose 170*l - 161*l = 10161. What is the units digit of l?
9
Suppose 0 = 3*d - 3*f - 2004, 11*f = 10*f + 1. What is the tens digit of d?
6
Let u be ((-1)/3)/((-4)/24). Suppose -3*k = -5*w + 16, u*k = -3*k - 2*w - 6. What is the units digit of (2/k - 2) + 21?
8
Let w(f) = 62*f**2 + 21*f + 116. What is the hundreds digit of w(-6)?
2
Let n(k) = 4*k**3 - 3*k**3 - 16*k**2 + 5*k**2 + 5*k + 4*k**2. What is the hundreds digit of n(8)?
1
Let p = 1778 - -1742. What is the tens digit of p?
2
Let c be (28/(-35))/(153/155 - 1). Let h = c + -19. What is the tens digit of h?
4
Let x = 393 - 206. Suppose -5*a = 4*k - x, 0 = 5*a + 4*k + k - 190. What is the units digit of a?
5
Suppose 0 = 3*g - g - 64. Let w = 28 - g. What is the units digit of 35 - (-5)/(10/w)?
3
Let j = 815 + -488. What is the hundreds digit of j?
3
Suppose 18 = 7*i + 4. Suppose 3*b - b = 2*f + 26, 0 = 2*b + i*f - 30. What is the units digit of b?
4
Let o be (-4)/(-3)*99/2. Let x(f) = f**2 - 4*f - 1. Let r be x(4). What is the units digit of (o/(-4))/(r/2)?
3
Suppose 0 = 2*h + 20 - 68. What is the tens digit of 3666/h + -1 + 3/(-4)?
5
Let h = -126 + 338. Suppose 26 = -3*v + h. What is the tens digit of v?
6
Let z = -9 + 21. Let i = -8 + z. Suppose -9*g + 80 = -i*g. What is the units digit of g?
6
Let u = 9 + -5. Suppose h + u*h = 30. What is the tens digit of 62/h + (-8)/(-12)?
1
Let v(m) = -m**3 - 8*m**2 - 10*m - 3. Let a be v(-8). Suppose -2*q + 3*g + a = 0, -106 = -3*q - 8*g + 3*g. What is the units digit of q?
7
What is the units digit of (-1)/(5/2) - 6867/(-105)?
5
What is the tens digit of (-4494)/(-4)*(-54)/(-81)?
4
Let v be 133/14 + (-6)/4. Let b = v - -59. What is the tens digit of b?
6
Let g be (5/(-4))/((-1)/4). Let v = 9 - g. What is the units digit of 9/(-6) - (-30)/v?
6
Let j be (3 + (-42)/10)/(9/(-1050)). Suppose -7*w + j = -980. What is the tens digit of w?
6
Suppose -2*k + x + 6328 = 3*x, -2*k - x = -6330. What is the units digit of k?
6
Let p = -31 + 592. What is the hundreds digit of p?
5
Let p(x) = x**3 - 9*x**2 - 11*x + 14. Let b be p(10). Let a be 6*b/6 - 2. Let g = 0 + a. What is the units digit of g?
2
Let k = -4529 + 7185. What is the hundreds digit of k?
6
Let x(u) be the first derivative of -u**3/3 - 3*u**2/2 + 5. Let t be x(-3). Suppose t = -c + 5*c - 2*p - 46, -4*c + 26 = 2*p. What is the units digit of c?
9
Let g = -12 - 0. Let u be 6*(4 - (-44)/g). Suppose u*f + 257 = 5*n, -4*n = 3*f - 48 - 176. What is the tens digit of n?
5
Suppose -18*y + 6*y + 5628 = 0. What is the hundreds digit of y?
4
Let u(a) = -a + 2. Let n(w) = 1. Let m(o) = 10*n(o) + 2*u(o). Let l be m(10). What is the units digit of (-2)/12 - 7/l?
1
Let f = -14 + 507. What is the hundreds digit of f?
4
Let u(g) = 3*g**3 - 3*g - 2. Let k be u(-1). What is the hundreds digit of (-2996)/(-12) - (-3)/9*k?
2
Let a = 49 + -42. Suppose -7*p - a*p + 1288 = 0. What is the units digit of p?
2
Let h(b) be the first derivative of -2*b - 3 - 11/2*b**2. What is the tens digit of h(-2)?
2
Let w(v) = -36*v**3 + v**2 + 3*v + 2. Suppose 5*p + 5 = -0. What is the tens digit of w(p)?
3
Suppose -5*z + 11*z = 36. What is the units digit of ((-2)/4)/(z - (-325)/(-54))?
7
Let m = 22 + -13. Suppose 5*a = f - m, -5*a + 33 + 15 = 2*f. Let i = 70 - f. What is the tens digit of i?
5
Suppose 0 = -18*l + 12*l + 2220. What is the units digit of l?
0
Suppose -w + 2*d = 6*d + 13, -4*w + 3 = 5*d. Let b(j) = -j**3 + 9*j**2 - 4*j - 15. Let q be b(w). Suppose -4*a - a = -q. What is the units digit of a?
1
Let b(x) = -275*x + 4. What is the units digit of b(-6)?
4
Let w(f) = -27*f + 127. What is the units digit of w(-12)?
1
What is the units digit of (-7)/(112/(-63500)) - 10/(-40)?
9
Let w(r) = -r + 10. Let d be w(5). Let f = d - 0. Suppose -f*h + 3 = p, -2*h - 2*h = 3*p + 2. What is the units digit of h?
1
Suppose 0 = q + 299 - 3. Let w = -35 + 39. What is the units digit of 5/((-20)/q) - w?
0
Let p = 49 + 546. Suppose -24*i + 29*i = p. What is the hundreds digit of i?
1
Let g(j) = j**3 - 8*j**2 + 8*j - 7. Let z be g(7). Suppose 2*l - 11 + 1 = z. Suppose -l*m = -14 - 46. What is the units digit of m?
2
Let n(p) = -p**2 - 1. Let c = 7 - 6. Let s(w) = -3*w**2 + 3*w - 16. Let v(b) = c*s(b) - 4*n(b). What is the units digit of v(6)?
2
Let q be (-2)/(-1)*24/3. Let l be (-130)/(-8) + 12/q. Suppose -z + 8 = r, -r - l - 5 = -5*z. What is the units digit of r?
3
Let k(r) = -r**2 - 11*r + 17. Let o be k(-12). Suppose -20 = -0*p - o*p. Suppose 0 = -p*q + 5 + 7. What is the units digit of q?
3
Suppose 4*i + 4 = 0, 3*i = 2*c - 2*i - 2629. What is the hundreds digit of c?
3
Let x(k) = 3*k**2 - 61*k - 21. What is the units digit of x(26)?
1
Let y = -233 - -640. What is the units digit of y?
7
Let r = 1289 - -377. What is the thousands digit of r?
1
Suppose -5*o + 677 = -5*f - 873, 2*f = -o + 295. What is the tens digit of o?
0
Let b(z) = -20*z - 3. What is the units digit of b(-9)?
7
Suppose -24 = r + b - 105, 0 = r + 3*b - 91. What is the units digit of r?
6
Let d be (-119)/(-9) - (-18)/(-81). Let k = 7 - d. What is the units digit of (5 + -2)/(k/(-44))?
2
Let v(b) = -28*b - 34*b + 65*b + 64. What is the units digit of v(24)?
6
Let a(d) = -d**2 - 11*d - 16. Let u be a(-9). Suppose -u*t + 3*t = 140. What is the units digit of t?
0
Suppose 74*a - 4*r - 1461 = 73*a, 0 = -5*a + 3*r + 7390. What is the thousands digit of a?
1
Let u(v) = 7*v - 30*v**3 + 62*v**3 - 7*v**2 + 6 - 31*v**3 - v. Let r be u(6). Suppose 2*q + 204 = r*q. What is the tens digit of q?
5
Suppose 17 = -3*d - 43. Let s = 24 + d. Suppose s*p - 3*a - 64 = 0, -p - 3 + 6 = -4*a. What is the tens digit of p?
1
Let v = -7 + 10. Let m be (-28)/v*(-72)/14. Suppose 39 = 3*k - m. What is th